(9/(-12))/((-19)/11932)?
1
Let y be (-13)/(-52) - 46/(-8). Suppose 0 = 4*a + 4*o - y*o - 118, 3*o - 26 = -a. What is the units digit of a?
9
Suppose 2*g + 2*g = 1416. What is the tens digit of ((-4)/6)/((-4)/g)?
5
Let l = -346 + 872. What is the tens digit of l?
2
Suppose 6*k + 28 + 224 = 0. Let s = k + 157. What is the tens digit of s?
1
Let x(i) = -851*i + 74. What is the hundreds digit of x(-1)?
9
Suppose -n + 5*d - 9 + 37 = 0, 3*n + 11 = -4*d. Suppose n*c - 14 + 8 = 0. Suppose -p + c*p - 43 = 0. What is the units digit of p?
3
Suppose 3*w - 2391 = -3*d, -d - w = w - 800. What is the units digit of d?
4
What is the tens digit of 12 + 48/(-8) - (1 + -50)?
5
Let l(q) = 73*q - 97. What is the thousands digit of l(33)?
2
Let x(s) = -s**3 + 10*s**2 + s + 2. Let j be x(9). Let g = j - 59. Suppose g = 3*i - 33. What is the tens digit of i?
2
Let u(i) = 22*i**2 - 15*i + 25. What is the tens digit of u(4)?
1
Suppose -5*h + 7*h + 5*w - 2595 = 0, 5*h - 4*w = 6438. What is the units digit of h?
0
Let w be 36/8*(-4)/(-6). Let r be w + (-4 - (-3 + 21)). Let c = r - -23. What is the units digit of c?
4
Let v be (-732)/(-36) + (-2)/6. Suppose -v*m = -21*m + 14. What is the tens digit of m?
1
Let u(h) = 17 - 9 - 6 - h. Let o be u(-3). Suppose 4*n - 73 = -o*w, 6*w - 2*w = 5*n - 40. What is the tens digit of n?
1
Let x(j) = 5*j**2 + 2*j + 2. Let v be x(-2). Suppose 0 = -m + v + 38. What is the units digit of m?
6
Suppose -12*i = -13*i. Suppose i = 3*u - u. Suppose -2*w + w + 58 = u. What is the units digit of w?
8
Suppose 4*k - 2*k - 6 = 0. Suppose -6*h = -5*h - k. Suppose 0 = h*l - 130 + 40. What is the units digit of l?
0
Suppose -16 = 4*x, -26*g = -31*g - 2*x + 507. What is the tens digit of g?
0
Suppose 12 = 4*f, 1339 = -3*n + f + 8308. What is the hundreds digit of n?
3
Let w(c) = -c**3 - 9*c**2 - 10*c - 12. Let p be w(-8). Suppose p*n + 3*z - 13 = -n, 5*z + 45 = 5*n. Suppose n*v - 56 = 29. What is the units digit of v?
7
Suppose -2072 = -4*r + 2*j + 1896, -3*r + 2974 = -j. What is the tens digit of r?
9
Let h(q) = -q**3 + 2*q**2 + 4*q - 3. Let u be h(2). Suppose -u*z = -4*z + 42. What is the units digit of 6*4/z*-7?
4
What is the tens digit of 6 + (4 - 9 - -331)?
3
Suppose -2*b - 27 = 4*f - 9*f, 0 = 5*f - 5*b - 30. Suppose -3*l - 34 = 4*o, 2*l - f*o - 8 = -0*l. Let c(y) = y**2 + 5*y + 3. What is the units digit of c(l)?
9
Let r be (-3)/((9/(-51))/1). Suppose r*g - 12*g = 690. Suppose u - g = -u. What is the units digit of u?
9
Let n be (4/1 + -3)/(-1). Let f(s) = 43*s - 1. Let u be f(n). Let p = u + 85. What is the units digit of p?
1
What is the tens digit of (64/(-3) - -4)/(1/(-108))?
7
Suppose m - 4*b = 18, 3*m - 1 - 13 = 2*b. Let s be 9*1 + 0 + m. Suppose -5*r + s = -149. What is the tens digit of r?
3
Suppose 0 = 3*q - 0*k - 2*k + 4, 4*q + 6 = 2*k. Let l be (-5 - -1) + 2*q. What is the units digit of ((-20)/(-3))/(l/(-24))?
0
Let z = -180 + 47. Let i = z + 268. What is the hundreds digit of i?
1
Let u(o) = 2*o - 26. What is the units digit of u(14)?
2
Let y(w) = 6*w**3 - w**2 - 5*w + 6. Let q(d) = 18*d**3 - 3*d**2 - 14*d + 17. Let l(n) = 4*q(n) - 11*y(n). What is the units digit of l(1)?
6
Let i be 95/(-10) + 9/6. Let k be 70/22 - i/(-44). Suppose -s + 53 - k = 0. What is the units digit of s?
0
Let o(g) = g**2 - 26*g - 21. Let z be o(19). Let c = z - -330. What is the hundreds digit of c?
1
Let t = 4720 - 1813. What is the thousands digit of t?
2
Suppose -2*q - 27 = q. Let f = q + 4. What is the tens digit of (-54)/f - (-4)/20?
1
What is the hundreds digit of 537 + (10 + -9)*6?
5
Let d be (2*(-18 + -1))/(-2). Let n = -17 + d. What is the units digit of n*2/(-10)*-15?
6
Let v(t) = 4*t + 11. Let q be v(-17). Let m = 5 - q. What is the units digit of m?
2
Let n be 9/((-27)/6) + 4. Suppose 2*p = 8, n*m - 2*p = -2*m + 216. What is the units digit of m?
6
Suppose 3*j = 4*r + 31, -4*j + 7*j - 23 = -4*r. Let v(d) = 15*d - 2*d - d**2 - 3 + 5. What is the tens digit of v(j)?
3
Let n(s) = -3*s**3 + s**2 + s + 1. Let k(r) = -r**3. Let i(q) = -2*k(q) + n(q). Let m be i(0). Let j = 24 + m. What is the units digit of j?
5
Let a = -1373 - -2793. What is the units digit of a?
0
Let t(w) = 467*w**3 - 3*w**2 + 3*w - 1. What is the tens digit of t(1)?
6
Let z = -7 - -12. Suppose -3*x - o + 17 = x, 4*x + 5*o - z = 0. What is the units digit of ((-6)/x)/((-1)/5)?
6
Let n = -14 + 14. Suppose -3*d = -n*d - 39. Suppose 47 = 2*v - d. What is the units digit of v?
0
Suppose -g + 2 + 64 = 0. Suppose 5*m - 44 = g. What is the tens digit of (-3290)/(-55) + 4/m?
6
Suppose 2*v - 23 = 3*z, 3*v + 4*z = -2*v + 46. Suppose 3*t = -v + 154. What is the tens digit of t?
4
Suppose -2*z + 29 - 1 = 0. Let s be (-4)/z + 9/7. What is the tens digit of 32 + s*3/3?
3
Suppose -25 = 9*t - 4*t. Let s = 6 + t. What is the units digit of s?
1
Let a(c) = -c**3 - 7*c**2 - 4*c + 15. Let j be a(-6). Suppose -5*z = -25, z = -5*u - j*z + 515. What is the tens digit of u?
9
Let a be 6*((-455)/(-15) - -2). Suppose 2*f = 3*f - 3*d - a, 2*f - 396 = 2*d. Suppose -5*w = 2*k - 95, -3*k + w + f = -3*w. What is the tens digit of k?
6
Suppose 33*o = -9314 + 101252. What is the thousands digit of o?
2
Suppose -2*m - 6 = -0*m. Let i be (214/(-8))/(m/24). What is the units digit of (-8)/10 - i/(-5)?
2
Let f(x) = x**3 + 47*x**2 - 12*x + 2. Let j(r) = -2*r**3 - 141*r**2 + 37*r - 6. Let v(d) = -8*f(d) - 3*j(d). What is the tens digit of v(23)?
8
Suppose -5*s + z = -0*s - 834, -s = -z - 166. What is the tens digit of s?
6
Suppose -5*a + v - 512 + 2258 = 0, -3*v = -3*a + 1050. What is the units digit of a?
9
Let u(p) = p**3 + 13*p**2 - 14*p + 29. What is the units digit of u(-13)?
1
Let s = 49 - -11. Let c = s + -28. Suppose 3*o + k - 81 - 2 = 0, -4*k - c = -o. What is the units digit of o?
8
Let y(h) = -72*h + 71. What is the units digit of y(-11)?
3
Let m(d) = -4*d - 4*d - 5 - 2*d. Let v be (-14)/6 + ((-140)/(-21))/(-10). What is the tens digit of m(v)?
2
Suppose -8 = -4*y - 0. Suppose 0 = b + y*m - 1, 0 = -5*b + m + m + 29. Suppose 3*f = -2*t + b, 2*t - 2*f - 2 = 18. What is the units digit of t?
7
Let r(c) = -c + 12. Let o be r(7). Let y be (-1)/o - 87/15. Let k(z) = -3*z + 10. What is the tens digit of k(y)?
2
Suppose 4*k = 0, 3*n = 5*k - 94 + 4. Let z = 55 + n. What is the units digit of ((-6)/5)/((-2)/z)?
5
Let h be (2/4)/((-1)/(-6)). Let z be 6/(-9)*h - -5. Suppose -q = -z*q + 24. What is the units digit of q?
2
Let f be -26*((-14)/(-4) + -3). Let j be f*(2 - 0 - 3). Suppose -10*n - 93 = -j*n. What is the units digit of n?
1
Let d be -1 + (-33 + -2 - 0). Let v be (9 - 6)*(-25)/(-3). Let t = v - d. What is the units digit of t?
1
Let s be (-3 - 0)/(6/16). Let g be -2*(2 - (-4 - s)). Suppose g*z - 56 + 12 = 0. What is the units digit of z?
1
Let n = 55 + -77. Let p = 34 + n. Suppose -3*c - p = 0, -3*r - 128 = -8*r + 2*c. What is the units digit of r?
4
Let f(v) = 13*v + 68. Let s be f(13). Let o = s - 62. What is the hundreds digit of o?
1
Suppose -9*t + 7*t = -3*v - 967, -3*t = 4*v - 1476. What is the units digit of t?
8
Suppose 5*b + 47 = 2*v, -49 = -4*v + b - 6*b. Let m = v - 13. Suppose 5*s - 2*w - 3*w = 135, -s = m*w - 23. What is the units digit of s?
6
Let h = -22 + 10. What is the units digit of ((-12)/(-2))/((-18)/h)?
4
Suppose 0 = -14*l + 19*l - 4815. What is the tens digit of l?
6
Let t = -23 + 20. Let p(h) = 16*h**2 + 2*h - 7. What is the hundreds digit of p(t)?
1
Let n be (-6)/(-2) + 2 - 0. Suppose -t - 115 = -2*y, -n*t + 3*y = 4*y + 586. Let c = -73 - t. What is the tens digit of c?
4
Suppose 0 = 2*s + 2*j - 420, 2*s = 5*s - j - 618. What is the units digit of s?
7
Let g = 242 + -52. Let n = -126 + g. What is the tens digit of n?
6
What is the thousands digit of (-3)/((-18)/544)*(92 + -41)?
4
Let d(m) = -m**2 + 3*m + 29. Let v be d(-8). Let a = 103 + v. What is the units digit of a?
4
Let q be 5/20 - (-1)/(-4)*-7. Suppose -w + 152 = -2*p, -2*w + 588 = q*w - 4*p. What is the hundreds digit of w?
1
Let v = 39 + -36. Suppose 5*z = -2*j + 10, 3*z - 4*j + v = -7*j. What is the units digit of z?
4
Let z(p) be the first derivative of -p**3/3 + 11*p**2/2 - 10*p - 4. What is the tens digit of z(8)?
1
Let j be ((-9)/(-4))/(3 + 3705/(-1240)). Let k = -68 + j. What is the hundreds digit of k?
1
Let d = 99 - 